
Is 36988725449 a composite number?
True
Is 463243037 prime?
True
Is 1350743071 a prime number?
True
Is 46907110867 a prime number?
True
Is 3168214961 prime?
False
Is 3734442979 a composite number?
False
Is 9628607 composite?
False
Is 51920233 a composite number?
False
Is 67036043593 prime?
False
Is 9545747759 composite?
False
Is 1010744173 prime?
True
Is 187693000207 a prime number?
True
Is 8518407347 composite?
False
Is 916520219 composite?
True
Is 149288479 composite?
True
Is 18344796551 prime?
False
Is 277017989 a prime number?
True
Is 1261414793 composite?
True
Is 39180970453 prime?
True
Is 21047378507 composite?
True
Is 455676247 a composite number?
True
Is 1339851074 composite?
True
Is 40690873063 composite?
True
Is 21672158351 a prime number?
True
Is 145020220537 prime?
False
Is 11826863799 composite?
True
Is 4531864313 composite?
False
Is 50718451057 prime?
True
Is 2960535607 a prime number?
True
Is 14239067 composite?
False
Is 15882270815 a prime number?
False
Is 82399041731 a composite number?
False
Is 14017568987 prime?
True
Is 15743997323 prime?
False
Is 55023809359 a prime number?
True
Is 89593779037 prime?
False
Is 4350264727 composite?
False
Is 7797584761 a composite number?
False
Is 47364237293 composite?
False
Is 950698729 a prime number?
False
Is 1024697761 a composite number?
True
Is 22053750177 a composite number?
True
Is 377299081 a prime number?
False
Is 11374198049 composite?
False
Is 29538455911 prime?
True
Is 159314749151 a composite number?
False
Is 356006681 a prime number?
True
Is 461627267 prime?
False
Is 4441792319 prime?
True
Is 46933320791 composite?
True
Is 101601284189 prime?
True
Is 620365199 prime?
False
Is 2303273759 a composite number?
False
Is 867351929 composite?
True
Is 44683789 a prime number?
True
Is 87032577 composite?
True
Is 14023199797 a prime number?
False
Is 33594754333 prime?
False
Is 2718851561 a composite number?
False
Is 104486499859 a prime number?
False
Is 65639172817 prime?
False
Is 3874551403 prime?
True
Is 277339519 composite?
False
Is 453605279 prime?
True
Is 37372969297 a prime number?
False
Is 16125872933 composite?
True
Is 8793164447 prime?
True
Is 5199888683 prime?
False
Is 4639831247 a prime number?
True
Is 27473275339 prime?
True
Is 199438366849 a composite number?
False
Is 821149411 a prime number?
True
Is 19621484123 prime?
True
Is 40784512351 a prime number?
False
Is 149617199 prime?
False
Is 19290655577 a composite number?
True
Is 9251801593 a prime number?
False
Is 916836587 a prime number?
True
Is 1844724253 composite?
True
Is 690833089 composite?
True
Is 471049549991 composite?
True
Is 23708723 prime?
True
Is 5141368087 prime?
False
Is 277226039 a composite number?
False
Is 3273793861 a composite number?
True
Is 99819431 prime?
True
Is 210923524937 composite?
True
Is 5864252689 composite?
False
Is 751611349 a composite number?
False
Is 75160271 composite?
False
Is 270794668211 a prime number?
True
Is 361245653 composite?
True
Is 6177042829 a prime number?
False
Is 2006538587 composite?
False
Is 1297706647 a prime number?
True
Is 170914001 a composite number?
False
Is 2662747649 composite?
False
Is 594455917 prime?
False
Is 1806697153 a prime number?
True
Is 72178104683 a prime number?
True
Is 81959709361 a prime number?
True
Is 191420418187 a prime number?
True
Is 56449247837 a prime number?
False
Is 58054898653 prime?
False
Is 137260381 a composite number?
True
Is 449419727 composite?
False
Is 830203679 prime?
True
Is 158843346931 prime?
True
Is 298840123 a prime number?
True
Is 10780439519 a prime number?
True
Is 3537561061 a composite number?
False
Is 5825134543 a prime number?
False
Is 239421067451 composite?
True
Is 1146997219 composite?
True
Is 1630669 a prime number?
True
Is 67875832138 a composite number?
True
Is 1853803109 a prime number?
False
Is 649743917 prime?
False
Is 141788957 a prime number?
False
Is 685269721 prime?
True
Is 12453301187 prime?
True
Is 20622097879 composite?
True
Is 814875463 a prime number?
False
Is 567304069 a prime number?
False
Is 748646599 a prime number?
True
Is 1272342329 a composite number?
True
Is 16999102983 a prime number?
False
Is 7568130643 a prime number?
False
Is 151189391 prime?
False
Is 1393108513 a composite number?
True
Is 44357207053 composite?
False
Is 658652867 a composite number?
True
Is 4671581099 a prime number?
True
Is 12791771519 prime?
True
Is 3459232577 prime?
False
Is 4224693827 a prime number?
True
Is 198428507 composite?
False
Is 60928627 a composite number?
False
Is 16647764503 a composite number?
False
Is 183653273071 a composite number?
True
Is 87517091527 composite?
False
Is 1035730649 a composite number?
False
Is 6139788181 prime?
False
Is 3665291677 prime?
False
Is 37657193677 a prime number?
True
Is 10279459423 composite?
True
Is 803429689 prime?
True
Is 516345882163 a composite number?
False
Is 26842946987 prime?
True
Is 733860727 a prime number?
False
Is 2237980687 prime?
False
Is 8209199507 prime?
True
Is 2554995361 prime?
True
Is 1100263243 composite?
True
Is 326974929717 a prime number?
False
Is 7968033793 composite?
True
Is 323610281 a prime number?
True
Is 16614168419 prime?
True
Is 53657935769 composite?
False
Is 2200626381 a prime number?
False
Is 5558493659 a prime number?
True
Is 114717660191 prime?
False
Is 264722569 prime?
True
Is 1078868069 prime?
True
Is 3843131627 a prime number?
True
Is 6918107719 prime?
False
Is 34637541673 a composite number?
True
Is 16368758459 composite?
False
Is 2994634243 a composite number?
True
Is 4242156371 prime?
False
Is 25860542873 a composite number?
True
Is 4624177742 prime?
False
Is 170690111 a prime number?
True
Is 2244792811 a prime number?
True
Is 375172573 composite?
True
Is 253358477 composite?
True
Is 699185287 a composite number?
False
Is 17103421787 a composite number?
False
Is 18551874251 composite?
True
Is 24117557813 a prime number?
True
Is 57828709061 a composite number?
False
Is 33972715943 composite?
True
Is 9057084457 a composite number?
True
Is 5651301049 a composite number?
False
Is 207083088479 prime?
True
Is 1462491037 a prime number?
False
Is 13665507709 a prime number?
False
Is 2904341179 a prime number?
True
Is 663450031 composite?
False
Is 89730238214 prime?
False
Is 2061114377 composite?
True
Is 3170807 composite?
False
Is 1004999711 a composite number?
True
Is 313135451 composite?
True
Is 109156543 a prime number?
False
Is 303550662719 composite?
False
Is 23210491279 a composite number?
False
Is 325861549603 a composite number?
True
Is 52303766383 prime?
False
Is 22687729255 a composite number?
True
Is 34527697409 a composite number?
False
Is 82840614749 a prime number?
True
Is 537395797 a prime number?
True
Is 7443056381 a composite number?
True
Is 18267239269 a composite number?
False
Is 8910223103 a prime number?
False
Is 91279099426 a composite number?
True
Is 70705717363 prime?
True
Is 186662587333 a prime number?
True
Is 2007733913 a prime number?
False
Is 25831632223 a composite number?
False
Is 551148947 prime?
True
Is 1845308317 a composite number?
False
Is 340729583 a prime number?
True
Is 4614971741 composite?
False
Is 864995129 a prime number?
False
Is 1029074699 a prime number?
False
Is 99195149581 composite?
True
Is 127834976481 a composite number?
True
Is 10893680621 a prime number?
True
Is 1608344879 a prime number?
False
Is 4079629681 prime?
False
Is 117176827 prime?
False
Is 2201232083 composite?
True
Is 1251292061 composite?
False
Is 14574151363 prime?
True
Is 4380354661 a composite number?
False
Is 78387823 a composite number?
False
Is 1937358341 prime?
True
Is 19095645979 prime?
False
Is 15360256537 prime?
True
Is 4606677263 a prime number?
True
Is 68843813 prime?
False
Is 10119043411 composite?
False
Is 32075788651 composite?
False
Is 16467882173 composite?
True
Is 19632997229 a composite number?
False
Is 118948855 composite?
True
Is 6645838049 a composite number?
False
Is 2140696673 a prime number?
False
Is 120764389 a composite number?
False
Is 15256867037 composite?
False
Is 27129992753 prime?
False
Is 146454078037 composite?
True
Is 2183392367 a prime number?
False
Is 225866110021 prime?
True
Is 5971585859 prime?
True
Is 4726018039 a composite number?
False
Is 4682008829 a composite number?
True
Is 